25519 prime?
False
Is 8458369 a composite number?
False
Is 3028747 prime?
True
Is 250278239 a composite number?
True
Is 53867579 composite?
False
Is 74064503 prime?
False
Is 17471137 prime?
False
Is 11705959 a composite number?
False
Is 28014707 a composite number?
True
Is 2068023 composite?
True
Is 2426191 prime?
False
Is 26536039 a composite number?
False
Is 8989403 composite?
True
Is 9620671 a composite number?
False
Is 12384371 composite?
True
Is 79678909 composite?
False
Is 815471 a composite number?
False
Is 11337749 a prime number?
True
Is 11141933 a prime number?
False
Is 5284063 composite?
True
Is 136826213 a prime number?
True
Is 303270367 a prime number?
False
Is 4409371 a composite number?
False
Is 33992431 prime?
False
Is 1204889 composite?
True
Is 785047 composite?
True
Is 81894707 composite?
True
Is 767813 a composite number?
False
Is 14799115 a composite number?
True
Is 27090307 composite?
False
Is 3477493 a composite number?
False
Is 2599873 prime?
False
Is 13269049 a composite number?
True
Is 45409207 a composite number?
True
Is 9132861 prime?
False
Is 270411959 composite?
False
Is 17575471 prime?
True
Is 580571 composite?
True
Is 6367507 composite?
False
Is 356486839 a composite number?
False
Is 207286 a prime number?
False
Is 2139032113 a composite number?
False
Is 4536485 a composite number?
True
Is 890503 composite?
True
Is 718339 a composite number?
True
Is 137138321 prime?
False
Is 19287889 a prime number?
False
Is 4557253 a prime number?
False
Is 131465687 a prime number?
False
Is 18677797 a composite number?
False
Is 7796739 a composite number?
True
Is 4728631 a prime number?
True
Is 2269151 a prime number?
False
Is 9510791 composite?
False
Is 11909109 composite?
True
Is 57575597 a composite number?
False
Is 6480739 prime?
True
Is 85636879 composite?
True
Is 15871987 a composite number?
False
Is 4841087 a composite number?
False
Is 48632691 a composite number?
True
Is 149085939 a prime number?
False
Is 430464449 a prime number?
True
Is 37972694 composite?
True
Is 8532923 a prime number?
False
Is 13376173 a composite number?
True
Is 59532281 composite?
False
Is 15165467 prime?
False
Is 22855673 a composite number?
True
Is 3014738 composite?
True
Is 10531357 prime?
False
Is 1693817 a composite number?
False
Is 26204527 a composite number?
False
Is 44489105 prime?
False
Is 85886167 a composite number?
True
Is 886309 composite?
True
Is 19452521 prime?
False
Is 318738733 a prime number?
False
Is 9435941 composite?
False
Is 1172801 composite?
True
Is 34761115 a composite number?
True
Is 28966681 prime?
False
Is 2124037 a prime number?
True
Is 29241607 a prime number?
True
Is 11040583 a composite number?
False
Is 747923 prime?
False
Is 3342167 a prime number?
True
Is 89620343 prime?
True
Is 34384443 composite?
True
Is 30587053 a composite number?
True
Is 612233 a composite number?
True
Is 6152039 a composite number?
False
Is 30087599 a composite number?
True
Is 358450069 composite?
True
Is 6348499 a composite number?
True
Is 4141937 composite?
False
Is 26867339 composite?
False
Is 76299973 composite?
True
Is 68271893 a prime number?
True
Is 656141 prime?
True
Is 319926947 prime?
True
Is 137779837 prime?
False
Is 60339757 a composite number?
False
Is 2807591 a composite number?
False
Is 7459241 composite?
True
Is 1342059 a composite number?
True
Is 271357441 composite?
True
Is 14278117 composite?
True
Is 3858991 prime?
True
Is 44640037 a composite number?
True
Is 70611493 composite?
False
Is 2728531 composite?
True
Is 8528383 composite?
False
Is 5233271 a composite number?
False
Is 35017181 composite?
True
Is 5968783 a composite number?
False
Is 54846893 a composite number?
False
Is 10869337 a prime number?
True
Is 41202421 prime?
False
Is 22196897 composite?
False
Is 37929083 a composite number?
True
Is 12540949 a prime number?
False
Is 54576017 composite?
False
Is 820850317 prime?
False
Is 12681089 a composite number?
False
Is 2610539 a prime number?
True
Is 980657 composite?
True
Is 5528989 composite?
False
Is 7032787 a prime number?
True
Is 4743503 composite?
False
Is 2749639 prime?
True
Is 17645651 prime?
False
Is 1507369 composite?
False
Is 15375449 prime?
True
Is 14888581 prime?
True
Is 11400973 prime?
False
Is 1664227 composite?
False
Is 307299557 a composite number?
False
Is 90110789 prime?
True
Is 6755843 a prime number?
False
Is 800316311 a prime number?
True
Is 137645207 a prime number?
False
Is 415687 a composite number?
False
Is 13261699 a prime number?
False
Is 3912749 a composite number?
False
Is 80861849 a prime number?
True
Is 3275399 a prime number?
False
Is 174233987 prime?
False
Is 494993 prime?
False
Is 10958657 prime?
True
Is 25463483 a prime number?
True
Is 67423 composite?
True
Is 594407 a prime number?
False
Is 216000571 composite?
True
Is 10499 prime?
True
Is 323123 a composite number?
False
Is 87513151 a composite number?
True
Is 96412103 prime?
True
Is 40211 a prime number?
False
Is 3238901 prime?
True
Is 33744251 composite?
True
Is 14425251 composite?
True
Is 54594167 prime?
True
Is 53511407 a prime number?
False
Is 23281921 a composite number?
True
Is 1802491 a composite number?
False
Is 1431413 a composite number?
False
Is 30987699 a composite number?
True
Is 20878303 composite?
False
Is 3089159 a prime number?
False
Is 298695233 composite?
True
Is 6113561 a prime number?
False
Is 1311577 prime?
True
Is 11791643 composite?
False
Is 14216171 composite?
False
Is 1620589 a composite number?
False
Is 18468187 composite?
True
Is 5189441 composite?
False
Is 954421 prime?
False
Is 2202583 prime?
True
Is 2483051 a prime number?
False
Is 51961559 a composite number?
True
Is 112003049 composite?
True
Is 25391 composite?
False
Is 54698653 a composite number?
False
Is 11909263 a prime number?
True
Is 85793951 composite?
True
Is 315466211 prime?
True
Is 233822527 composite?
False
Is 121274563 composite?
False
Is 13629601 prime?
True
Is 13356041 a composite number?
True
Is 16985347 a composite number?
True
Is 108450751 a prime number?
False
Is 74021 prime?
True
Is 57339961 a prime number?
False
Is 332727143 a composite number?
True
Is 11974453 prime?
True
Is 3982441 composite?
True
Is 42196277 a composite number?
False
Is 4969663 composite?
True
Is 1053383 prime?
True
Is 56027513 a prime number?
True
Is 27804793 a composite number?
False
Is 2330189 composite?
True
Is 36444757 a prime number?
True
Is 76561417 a composite number?
True
Is 283986419 prime?
True
Is 39291103 composite?
False
Is 34127233 composite?
True
Is 51749 a composite number?
False
Is 114232315 a prime number?
False
Is 2720771 prime?
False
Is 16001749 a prime number?
False
Is 1095418 a prime number?
False
Is 32647 a prime number?
True
Is 10014503 a composite number?
True
Is 311762951 composite?
False
Is 20904773 composite?
False
Is 72719585 prime?
False
Is 8926271 prime?
True
Is 199794923 a prime number?
False
Is 53622489 prime?
False
Is 248478733 composite?
True
Is 26892491 composite?
True
Is 267071 a prime number?
False
Is 1950517 a composite number?
False
Is 2255947 composite?
False
Is 235014461 composite?
True
Is 42429893 a composite number?
True
Is 21845141 prime?
False
Is 94396087 a composite number?
True
Is 48713833 composite?
True
Is 2788979 prime?
True
Is 2222026 composite?
True
Is 3647479 a composite number?
True
Is 10460014 a composite number?
True
Is 28403 composite?
False
Is 323495251 a composite number?
False
Is 361271 a composite number?
False
Is 5797607 prime?
True
Is 18516949 a composite number?
True
Is 389972857 a composite number?
True
Is 365758331 a composite number?
False
Is 15072763 a composite number?
False
Is 1268549 a prime number?
True
Is 43282567 prime?
True
Is 7714631 prime?
True
Is 17731913 a composite number?
False
Is 5188051 composite?
True
Is 16014937 a prime number?
True
Is 395314559 prime?
False
Is 9863341 composite?
True
Is 3071069 a composite number?
False
Is 167180681 composite?
False
Is 242664131 composite?
True
Is 639670569 composite?
True
Is 12449377 composite?
False
Is 9312487 prime?
True
Is 760993 prime?
True
Is 48338373 composite?
True
Is 22121453 a prime number?
False
Is 2853777 prime?
False
Is 4390651 a prime number?
True
Is 22745719 prime?
True
Is 10294783 a composite number?
False
Is 8659181